9.
2309
What are the prime factors of 1547?
7, 13, 17
What are the prime factors of 36848?
2, 7, 47
What are the prime factors of 25283?
131, 193
What are the prime factors of 740?
2, 5, 37
What are the prime factors of 3473?
23, 151
What are the prime factors of 1255?
5, 251
What are the prime factors of 10268?
2, 17, 151
List the prime factors of 5200.
2, 5, 13
What are the prime factors of 3582?
2, 3, 199
List the prime factors of 16095.
3, 5, 29, 37
What are the prime factors of 14686?
2, 7, 1049
List the prime factors of 632.
2, 79
What are the prime factors of 9?
3
List the prime factors of 29244.
2, 3, 2437
What are the prime factors of 30931?
30931
What are the prime factors of 56475?
3, 5, 251
List the prime factors of 206.
2, 103
What are the prime factors of 129853?
129853
What are the prime factors of 110?
2, 5, 11
What are the prime factors of 2114?
2, 7, 151
List the prime factors of 88105.
5, 67, 263
List the prime factors of 1317.
3, 439
What are the prime factors of 73758?
2, 3, 19, 647
List the prime factors of 566.
2, 283
List the prime factors of 1393.
7, 199
What are the prime factors of 24222?
2, 3, 11, 367
List the prime factors of 17888.
2, 13, 43
List the prime factors of 3291.
3, 1097
What are the prime factors of 69242?
2, 89, 389
List the prime factors of 3468.
2, 3, 17
What are the prime factors of 979?
11, 89
What are the prime factors of 1861?
1861
List the prime factors of 4416.
2, 3, 23
List the prime factors of 5967.
3, 13, 17
List the prime factors of 2808.
2, 3, 13
What are the prime factors of 3233?
53, 61
List the prime factors of 52394.
2, 17, 23, 67
What are the prime factors of 7302?
2, 3, 1217
List the prime factors of 7476.
2, 3, 7, 89
List the prime factors of 681.
3, 227
List the prime factors of 7310.
2, 5, 17, 43
What are the prime factors of 4825?
5, 193
List the prime factors of 1443.
3, 13, 37
List the prime factors of 3171.
3, 7, 151
List the prime factors of 15740.
2, 5, 787
What are the prime factors of 1543?
1543
What are the prime factors of 2538?
2, 3, 47
What are the prime factors of 1814?
2, 907
What are the prime factors of 2522?
2, 13, 97
List the prime factors of 15516.
2, 3, 431
What are the prime factors of 71134?
2, 7, 5081
List the prime factors of 20601.
3, 7, 109
List the prime factors of 4226.
2, 2113
What are the prime factors of 4684?
2, 1171
What are the prime factors of 139?
139
List the prime factors of 1434.
2, 3, 239
What are the prime factors of 20?
2, 5
List the prime factors of 6011.
6011
List the prime factors of 9060.
2, 3, 5, 151
What are the prime factors of 1172?
2, 293
List the prime factors of 519.
3, 173
List the prime factors of 83.
83
List the prime factors of 5319.
3, 197
What are the prime factors of 11479?
13, 883
What are the prime factors of 2327?
13, 179
What are the prime factors of 221?
13, 17
What are the prime factors of 24809?
24809
What are the prime factors of 2852?
2, 23, 31
What are the prime factors of 18134?
2, 9067
List the prime factors of 42609.
3, 7, 2029
List the prime factors of 10763.
47, 229
What are the prime factors of 2862?
2, 3, 53
List the prime factors of 504.
2, 3, 7
List the prime factors of 18358.
2, 67, 137
What are the prime factors of 18008?
2, 2251
What are the prime factors of 9951?
3, 31, 107
What are the prime factors of 11880?
2, 3, 5, 11
What are the prime factors of 57424?
2, 37, 97
List the prime factors of 21570.
2, 3, 5, 719
What are the prime factors of 2325?
3, 5, 31
What are the prime factors of 35457?
3, 53, 223
What are the prime factors of 346?
2, 173
What are the prime factors of 9562?
2, 7, 683
List the prime factors of 10430.
2, 5, 7, 149
List the prime factors of 12922.
2, 7, 13, 71
List the prime factors of 3374.
2, 7, 241
List the prime factors of 4879.
7, 17, 41
What are the prime factors of 1918?
2, 7, 137
List the prime factors of 15782.
2, 13, 607
List the prime factors of 795.
3, 5, 53
What are the prime factors of 35057?
11, 3187
What are the prime factors of 47818?
2, 23909
List the prime factors of 39032.
2, 7, 17, 41
What are the prime factors of 13810?
2, 5, 1381
List the prime factors of 78983.
19, 4157
List the prime factors of 9924.
2, 3, 827
What are the prime factors of 133235?
5, 26647
List the prime factors of 428.
2, 107
What are the prime factors of 73?
73
What are the prime factors of 2128?
2, 7, 19
What are the prime factors of 728?
2, 7, 13
List the prime factors of 963.
3, 107
What are the prime factors of 37397?
37397
What are the prime factors of 35288?
2, 11, 401
What are the prime factors of 136541?
136541
List the prime factors of 85.
5, 17
List the prime factors of 143051.
19, 7529
List the prime factors of 831.
3, 277
What are the prime factors of 1899?
3, 211
List the prime factors of 1292.
2, 17, 19
What are the prime factors of 4833?
3, 179
What are the prime factors of 5078?
2, 2539
List the prime factors of 88.
2, 11
What are the prime factors of 43186?
2, 11, 13, 151
What are the prime factors of 3639?
3, 1213
List the prime factors of 26877.
3, 17, 31
List the prime factors of 61111.
23, 2657
List the prime factors of 48770.
2, 5, 4877
What are the prime factors of 13176?
2, 3, 61
List the prime factors of 11635.
5, 13, 179
List the prime factors of 20922.
2, 3, 11, 317
What are the prime factors of 17595?
3, 5, 17, 23
What are the prime factors of 49?
7
What are the prime factors of 15452?
2, 3863
List the prime factors of 9093.
3, 7, 433
What are the prime factors of 22499?
149, 151
What are the prime factors of 132?
2, 3, 11
List the prime factors of 18528.
2, 3, 193
What are the prime factors of 618?
2, 3, 103
What are the prime factors of 55957?
11, 5087
What are the prime factors of 55953?
3, 6217
What are the prime factors of 174300?
2, 3, 5, 7, 83
What are the prime factors of 11165?
5, 7, 11, 29
List the prime factors of 14854.
2, 7, 1061
List the prime factors of 1954.
2, 977
What are the prime factors of 23708?
2, 5927
List the prime factors of 4121.
13, 317
What are the prime factors of 226?
2, 113
What are the prime factors of 89509?
7, 19, 673
What are the prime factors of 4026?
2, 3, 11, 61
List the prime factors of 68993.
68993
List the prime factors of 1402.
2, 701
List the prime factors of 667.
23, 29
What are the prime factors of 377?
13, 29
What are the prime factors of 4022?
2, 2011
What are the prime factors of 3527?
3527
List the prime factors of 12175.
5, 487
List the prime factors of 413.
7, 59
List the prime factors of 975.
3, 5, 13
What are the prime factors of 241?
241
What are the prime factors of 5060?
2, 5, 11, 23
What are the prime factors of 17572?
2, 23, 191
List the prime factors of 41557.
29, 1433
What are the prime factors of 28386?
2, 3, 19, 83
What are the prime factors of 2514?
2, 3, 419
List the prime factors of 48566.
2, 7, 3469
What are the prime factors of 552?
2, 3, 23
List the prime factors of 2843.
2843
What are the prime factors of 3115?
5, 7, 89
What are the prime factors of 2403?
3, 89
List the prime factors of 3531.
3, 11, 107
List the prime factors of 169709.
169709
What are the prime factors of 172969?
172969
What are the prime factors of 2115?
3, 5, 47
List the prime factors of 2077.
31, 67
List the prime factors of 2056.
2, 257
What are the prime factors of 966?
2, 3, 7, 23
What are the prime factors of 782?
2, 17, 23
List the prime factors of 101374.
2, 7, 13, 557
List the prime factors of 13096.
2, 1637
What are the prime factors of 3242?
2, 1621
List the prime factors of 9527.
7, 1361
List the prime factors of 114588.
2, 3, 1061
What are the prime factors of 1869?
3, 7, 89
What are the prime factors of 5482?
2, 2741
List the prime factors of 14112.
2, 3, 7
List the prime factors of 2561.
13, 197
What are the prime factors of 1217?
1217
List the prime factors of 10222.
2, 19, 269
List the prime factors of 6840.
2, 3, 5, 19
List the prime factors of 2135.
5, 7, 61
List the prime factors of 7749.
3, 7, 41
List the prime factors of 1229.
1229
List the prime factors of 608.
2, 19
List the prime factors of 48009.
3, 13, 1231
What are the prime factors of 2334?
2, 3, 389
What are the prime factors of 5988?
2, 3, 499
List the prime factors of 557.
557
What are the prime factors of 11164?
2, 2791
What are the 